osite?
False
Is 1801187 a composite number?
False
Is 343852283 composite?
False
Is 117529 a composite number?
False
Is 3169519 a prime number?
True
Is 7426915 prime?
False
Is 52945135 a prime number?
False
Is 1313561 a composite number?
True
Is 49707157 prime?
False
Is 3507301 prime?
False
Is 339211357 a prime number?
True
Is 247663661 composite?
True
Is 11247343 composite?
False
Is 89537465 prime?
False
Is 557786993 a prime number?
False
Is 5361623 composite?
False
Is 742757 prime?
True
Is 7506727 a prime number?
False
Is 15742997 composite?
False
Is 66619262 composite?
True
Is 100375915 a prime number?
False
Is 8906237 composite?
False
Is 1986927 a composite number?
True
Is 3543199 a prime number?
False
Is 2470937 a composite number?
True
Is 234025321 a prime number?
True
Is 49695211 a composite number?
False
Is 295241813 a composite number?
False
Is 60929629 a prime number?
True
Is 74934359 composite?
False
Is 55488577 a composite number?
True
Is 147148129 a prime number?
True
Is 3127121 prime?
False
Is 23017543 a composite number?
False
Is 11008421 composite?
True
Is 63020599 a prime number?
False
Is 281461 composite?
True
Is 93135157 a prime number?
True
Is 16214879 a composite number?
False
Is 256699 prime?
True
Is 2362271 a composite number?
False
Is 397217983 a composite number?
False
Is 709851923 a composite number?
True
Is 250942 a prime number?
False
Is 121624187 composite?
True
Is 190517 composite?
True
Is 38381267 composite?
True
Is 4944451 a prime number?
True
Is 2592053 composite?
False
Is 88644211 a composite number?
False
Is 8245749 a composite number?
True
Is 101159 composite?
False
Is 333973 a prime number?
True
Is 10529729 a prime number?
False
Is 94538201 composite?
False
Is 139821283 composite?
True
Is 32120399 a prime number?
False
Is 13477601 composite?
False
Is 34623193 composite?
True
Is 19761883 a prime number?
True
Is 9229039 prime?
False
Is 1643851 composite?
True
Is 13735693 a composite number?
False
Is 13417727 prime?
True
Is 1743059 composite?
False
Is 244359481 a composite number?
True
Is 119399869 composite?
False
Is 17830837 a composite number?
True
Is 16048501 a prime number?
False
Is 8584657 a composite number?
False
Is 24878369 composite?
True
Is 45275749 a composite number?
True
Is 478241 composite?
False
Is 1076639 a composite number?
False
Is 1834537 prime?
False
Is 1442029 composite?
True
Is 1543537 a prime number?
True
Is 7106753 composite?
False
Is 4820887 composite?
False
Is 2513959 prime?
False
Is 385711213 a composite number?
True
Is 8932589 a composite number?
False
Is 10460027 prime?
False
Is 20147789 composite?
False
Is 695022074 prime?
False
Is 2322395 a prime number?
False
Is 13841279 composite?
False
Is 27131131 prime?
True
Is 8930849 prime?
True
Is 3576907 composite?
False
Is 116897 prime?
False
Is 11338617 a composite number?
True
Is 818561 a composite number?
False
Is 810551 composite?
True
Is 28263551 a composite number?
False
Is 12952721 a composite number?
True
Is 131268955 a composite number?
True
Is 812338 prime?
False
Is 215014 a prime number?
False
Is 1824943 a prime number?
True
Is 137567 a composite number?
False
Is 327751 prime?
False
Is 5076821 a prime number?
True
Is 25409303 composite?
True
Is 33817417 a composite number?
False
Is 28271083 composite?
True
Is 328093 composite?
False
Is 367837709 composite?
False
Is 181560539 prime?
False
Is 19202059 prime?
False
Is 1247413 prime?
False
Is 33180071 composite?
True
Is 64847 a composite number?
True
Is 33451183 prime?
True
Is 337751129 composite?
True
Is 60590627 composite?
True
Is 87683239 prime?
False
Is 157035643 a composite number?
True
Is 888823 composite?
True
Is 7306231 prime?
False
Is 15704309 composite?
True
Is 163138193 a prime number?
True
Is 619700765 prime?
False
Is 3852986 prime?
False
Is 16787921 a prime number?
True
Is 2484997 a prime number?
False
Is 3354881 composite?
False
Is 682204111 prime?
True
Is 332929369 composite?
False
Is 412387 prime?
True
Is 1505453 composite?
True
Is 174337951 a composite number?
False
Is 49333343 composite?
False
Is 1714117 a prime number?
True
Is 76090307 a composite number?
True
Is 587552995 a composite number?
True
Is 16404943 prime?
False
Is 1054552313 composite?
True
Is 170318501 prime?
True
Is 658807069 prime?
False
Is 2938423 composite?
False
Is 9875633 a composite number?
True
Is 812625613 composite?
False
Is 50980913 composite?
False
Is 25312789 a prime number?
True
Is 590563 composite?
True
Is 43889411 composite?
True
Is 77201533 composite?
False
Is 385134233 prime?
False
Is 11633309 a prime number?
True
Is 2022529 composite?
True
Is 224962 prime?
False
Is 634031 composite?
False
Is 414104294 prime?
False
Is 26307859 a prime number?
True
Is 82651 prime?
True
Is 559251835 a prime number?
False
Is 49401389 a prime number?
True
Is 38942669 a prime number?
True
Is 32626141 a prime number?
True
Is 111328193 a prime number?
True
Is 29731063 a prime number?
True
Is 53244757 composite?
False
Is 72022763 prime?
True
Is 16118981 prime?
True
Is 349996513 prime?
True
Is 56056283 a composite number?
True
Is 12893099 prime?
True
Is 169374083 composite?
False
Is 747121 prime?
False
Is 252730009 a prime number?
False
Is 5331601 prime?
False
Is 2101538 a composite number?
True
Is 79265933 a composite number?
False
Is 239049619 composite?
False
Is 36831019 prime?
False
Is 10152529 prime?
True
Is 2271859 prime?
True
Is 1233073 a composite number?
False
Is 757106179 composite?
True
Is 1372853 a prime number?
False
Is 99501071 composite?
True
Is 700993 composite?
False
Is 880793 a composite number?
False
Is 329933303 prime?
False
Is 478477 a prime number?
False
Is 230946649 prime?
False
Is 4245457 composite?
True
Is 25158173 prime?
True
Is 36624703 composite?
True
Is 56477051 a composite number?
False
Is 8202763 composite?
True
Is 59295851 composite?
False
Is 15721729 prime?
True
Is 19285529 a prime number?
True
Is 1040597 a composite number?
False
Is 77915287 composite?
False
Is 234412097 prime?
True
Is 10924439 prime?
True
Is 559397 a prime number?
True
Is 205930939 composite?
False
Is 6937799 a prime number?
False
Is 21479933 a prime number?
False
Is 8845517 a composite number?
False
Is 3661457 prime?
True
Is 315643 a composite number?
False
Is 387031 a composite number?
False
Is 10407097 a prime number?
True
Is 9860885 prime?
False
Is 315769609 a prime number?
True
Is 364127 composite?
False
Is 928379 composite?
True
Is 88314087 prime?
False
Is 165116811 a prime number?
False
Is 2185301 a composite number?
True
Is 1029079 composite?
True
Is 86087 a composite number?
True
Is 128750117 composite?
False
Is 39497357 a prime number?
True
Is 78328043 prime?
False
Is 2172928739 prime?
True
Is 2937643 prime?
True
Is 6019763 composite?
True
Is 29982971 prime?
True
Is 8492713 a prime number?
True
Is 926229685 a composite number?
True
Is 100366243 a prime number?
True
Is 225981253 composite?
True
Is 101523589 a prime number?
True
Is 1798109 prime?
True
Is 39557521 a composite number?
True
Is 978403 a prime number?
True
Is 41057509 a composite number?
True
Is 11914241 a prime number?
False
Is 17104858 a composite number?
True
Is 30677453 composite?
False
Is 581639 a prime number?
True
Is 3499163 prime?
True
Is 1828735 a prime number?
False
Is 82557161 composite?
False
Is 263472887 composite?
True
Is 1609714 a prime number?
False
Is 1202771 a prime number?
True
Is 18482843 a composite number?
False
Is 55692451 a prime number?
False
Is 88493759 prime?
False
Is 5168171 a composite number?
True
Is 22990619 a composite number?
False
Is 129928277 prime?
True
Is 345901 a composite number?
True
Is 2523317 composite?
False
Is 357153877 prime?
False
Is 26779769 a composite number?
False
Is 57604777 a prime number?
True
Is 2222071 composite?
False
Is 7555607 a prime number?
False
Is 27490423 a composite number?
True
Is 22573933 a prime number?
True
Is 323138741 prime?
True
Is 18389363 a prime number?
True
Is 84822653 a prime number?
True
Is 14489003 prime?
True
Is 12453347 prime?
True
Is 231522469 a prime number?
True
Is 849983 composite?
True
Is 526174357 a composite number?
False
Is 250235 a prime number?
False
Is 34503239 a composite number?
False
Is 560537 a composite number?
True
Is 58043 composite?
Fa